-5275 - -5703. What is the greatest common factor of b and 16?
4
Suppose 12 = -8*n + 236. Suppose 28 + 4 = -2*z. Let d = -2 - z. What is the greatest common divisor of d and n?
14
Let o be (-2)/(-1) + (-13)/(-13). Let t = -98 + 155. Calculate the highest common factor of o and t.
3
Let j(q) = 45*q + 378. Let f be j(-7). What is the highest common factor of 30114 and f?
63
Suppose 25*q = 118 + 7. Suppose q*u + 21 - 146 = 0. Calculate the greatest common factor of 275 and u.
25
Suppose 0 = 8*h + 123 - 235. Suppose 0*z = -h*z + 854. Calculate the greatest common divisor of z and 549.
61
Let j = 8880 + -5536. Calculate the highest common divisor of j and 19.
19
Let f be (-2 + 6)*41/4. Suppose -4*h + 418 = -23*h. Let r = f + h. Calculate the greatest common factor of 209 and r.
19
Suppose 15*g = 301 - 196. What is the highest common factor of 1225 and g?
7
Let f be 5*501 + (-55)/11. Suppose -10*b + f = -6*b. Calculate the greatest common factor of b and 25.
25
Suppose 0 = 2*p + 3*p - 80. Suppose 7046 = -30*s + 8486. Calculate the highest common divisor of p and s.
16
Let a(j) = 2*j**2 - 69*j + 929. Let k be a(15). Calculate the highest common factor of 946 and k.
86
Suppose -3943*c - 360 = -3955*c. What is the highest common divisor of c and 4305?
15
Let z(u) = 5*u - 269. Let f be z(69). What is the highest common divisor of 14516 and f?
76
Suppose 9*d - 5*d + 2*g - 64 = 0, -70 = -3*d + 4*g. Let w be (-21 + 30)/((d/4)/3). Suppose -p - w + 22 = 0. What is the highest common factor of 24 and p?
8
Suppose -6*k + 513 = -27. Let l(d) = k*d - 92*d - 9 + 0. Let j be l(-7). What is the greatest common divisor of 2 and j?
1
Let h(m) = -m**2 + 52*m + 258. Let r be h(52). Calculate the highest common divisor of 32250 and r.
258
Let k = -33 + 69. Let v(b) = 79*b**2 - 731*b + 188. Let g be v(9). Calculate the greatest common divisor of g and k.
4
Let g = -26566 + 29590. Calculate the greatest common divisor of 384 and g.
48
Let c(o) = -13*o + 50. Let q be c(3). Let g(v) = -4*v**2 + 71*v - 15. Let m be g(q). Calculate the greatest common divisor of m and 6.
6
Let c be 18/(-5)*(-5525)/442. What is the greatest common divisor of 2745 and c?
45
Let b be 2/((-3)/27*6). Let g be b + (1913 + -1)/4. Calculate the highest common divisor of 25 and g.
25
Let n(w) = 178*w - 1286. Let m be n(8). Calculate the highest common divisor of 3519 and m.
69
Let z(y) = y**2 - 2*y - 61. Let k be z(-7). Suppose -k*o - 46 = -166. Calculate the highest common factor of 12 and o.
12
Let l = 18 + 96. Let p be l*((-4)/(-6) + (-7)/21). What is the greatest common divisor of 57 and p?
19
Let f(o) = -7*o - 10*o + 4*o**2 + 7*o - o**2 - 16. Let j be f(-8). Suppose 0*q = -q + 2*u + 67, 4*q = 2*u + j. What is the highest common divisor of 9 and q?
9
Let q be 144/12 + 1 + -6. Suppose -2*o + 3*o - 1 = 0. Let a be 1/((-18)/21 + o). What is the greatest common divisor of q and a?
7
Let m(w) = -w**2 - 5*w + 178. Let t be m(-16). Let j(a) = 261*a + 3. Let y be j(t). Calculate the highest common divisor of 225 and y.
75
Suppose 55*o - 52*o + 111801 = 5*k, 22335 = k + 3*o. What is the greatest common factor of k and 92?
92
Let a = 6693 - 6349. Calculate the highest common divisor of a and 2021.
43
Let g = -22 - -56. Let u(r) = -7*r + 19*r**2 + 36 + 16*r - 41*r - 10*r - r**3. Let w be u(15). What is the greatest common divisor of g and w?
34
Suppose -242 - 413 = -5*s. Let x = 191 + -62. Let k = s - x. Calculate the highest common divisor of k and 2.
2
Let n(b) = -9*b + 74. Let l be n(22). Let i = 151 + l. Let j = -19 - -25. What is the highest common factor of j and i?
3
Let d = 528 - 544. Let m(v) = 4*v**2 + 17*v + 15. Let k be m(d). What is the greatest common divisor of k and 59?
59
Let l = -21 + 30. Let f(x) = -x**2 - 3156*x - 476226. Let w be f(-159). Calculate the greatest common factor of l and w.
9
Suppose 5 = 5*t - 20. Suppose 5*x + 1710 = 2*p - 1253, t*p - 2384 = 4*x. Let o = x - -998. Calculate the greatest common factor of 37 and o.
37
Let w(k) = 2*k**3 + 29*k**2 + 15*k + 16. Let z be w(-14). Suppose -4*v + v = 72. Let x be v/(-18) + (-2)/(-3). What is the greatest common divisor of x and z?
2
Suppose 2320 + 650 = 45*s. Calculate the greatest common divisor of 110 and s.
22
Suppose 9*l + 34 = 11*l. Suppose 5 = l*s - 12*s. Calculate the greatest common factor of 6 and s.
1
Suppose -2*z + 5*b = -136, 340 = -z + 6*z - 2*b. Let f = -210 + 295. Calculate the highest common divisor of z and f.
17
Let i(d) = -10*d + 49. Let p(u) = 11*u - 47. Let s(t) = -4*i(t) - 3*p(t). Let a be s(9). Calculate the highest common factor of a and 88.
8
Let p(j) = 11*j - 11. Let d be p(1). Suppose 8*f - 220 - 20 = d. What is the greatest common divisor of f and 330?
30
Suppose -5*a = -176 - 404. Let z be ((6/40)/(26/(-6032)))/(2/(-5)). What is the greatest common divisor of z and a?
29
Suppose -30*v = -27*v - 60. Suppose v*b = 7*b - 13. Let q be ((-14)/(-3))/(21/18 + b). Calculate the greatest common divisor of q and 252.
28
Let r = 121 + -96. Let o be -2 + r/6 + (-4)/24. Suppose 0 = 4*p + o*i - 166, 5*p - i + 2*i - 203 = 0. What is the highest common factor of p and 5?
5
Suppose 51*g + 90*g + 26*g = 56446. Calculate the greatest common factor of g and 598.
26
Suppose -5*s + f = -812, 58*s - 2*f = 57*s + 175. What is the highest common divisor of 3151 and s?
23
Let c(w) = -7 + 3 - 37*w + 3*w**2 + 27*w + 21*w. Let u be c(-8). Calculate the highest common factor of 350 and u.
50
Suppose 3*m = 3*f - 13 - 20, 23 = f + 5*m. Let p = 7527 + -7423. Calculate the highest common factor of f and p.
13
Suppose -26*m + 11593 = -5203. Let x be (-60)/15 - 38/(-1). Calculate the highest common divisor of m and x.
34
Let i be (6/9)/((-26)/(-135837)*9). What is the greatest common factor of i and 86?
43
Let n be 10 + (5 - 15/5). Let l be 3 + (138/n)/((-5)/(-10)). Calculate the highest common divisor of 286 and l.
26
Suppose -14*x + 7506 + 6426 = 72*x. What is the greatest common divisor of 1008 and x?
18
Suppose -16*u - 2*d + 29 = -15*u, 0 = -u + 3*d + 9. What is the highest common divisor of u and 581?
7
Let t be ((-830)/25)/(4/(-10)). Suppose -145*b + 146*b + 3*i - 922 = 0, -1811 = -2*b + 5*i. What is the highest common factor of t and b?
83
Suppose 5*z + 21 = -4*b, 0 = 3*b - z + 4*z + 12. Let f be (-8)/6 - 2/(-6) - -4. Let g be f/b*(-1 + 12). Calculate the greatest common divisor of g and 66.
33
Let f = -979 - 137. Let u be (-10)/(-25) + f/(-10). Let w be (-17)/(170/(-100)) - 12/(-2). What is the highest common divisor of u and w?
16
Suppose 8 = 2*y, 5*n - 14*y + 1834 = -13*y. Let s = n - -398. What is the highest common divisor of s and 8?
8
Let w(g) = 35*g**2 - 192*g - 4. Let y be w(6). What is the greatest common divisor of 702 and y?
26
Suppose 142*s - 55*s = 25249 + 14945. What is the greatest common factor of s and 210?
42
Suppose -5*m + 3*f = -17458, 0 = -3*m + m + 4*f + 7000. What is the highest common divisor of m and 654?
218
Let x = -3458 - -3800. What is the highest common factor of 950 and x?
38
Suppose 0 = -7*n + 3 + 25. Suppose 0 = -8*q + n*q - 40. Let m = q + 30. Calculate the greatest common factor of m and 8.
4
Let d = 8781 + -7262. Calculate the greatest common divisor of d and 343.
49
Let y be (-434)/3*6/(-2). Let x = -33 + 61. Calculate the highest common factor of x and y.
14
Let x = 2788 - 2564. Let s = 97 + -69. What is the greatest common factor of s and x?
28
Let v(w) = -3*w**2 - w**2 + 32 + 3*w**2 - 3*w. Let d = 20191 + -20197. Let y be v(d). What is the highest common factor of 154 and y?
14
Suppose -2889 = -17*s - 16319. Let b = -562 - s. What is the highest common divisor of b and 12?
12
Let i(s) = s**3 + 6*s**2 + 20*s + 315. Let z be i(-8). Calculate the greatest common divisor of z and 5949.
9
Let w be (162/(-8))/(159/(-212)). Calculate the highest common factor of w and 828.
9
Suppose 0 = -6*r + 270 + 54. Let l be -5 + -5 + (5 - 8 - -247). What is the greatest common factor of r and l?
18
Let t = 16969 + -16959. Calculate the highest common divisor of t and 6120.
10
Suppose -2*v + 32 = -f, 2*v - 5*f + 5 = 3*v. Let x(b) = b**3 + 22*b**2 - 8*b - 46. Let w be x(-22). Calculate the highest common divisor of v and w.
5
Let d(n) = 511*n - 363. Let x be d(1). What is the greatest common divisor of x and